{"id":128,"date":"2025-11-27T11:57:02","date_gmt":"2025-11-27T10:57:02","guid":{"rendered":"https:\/\/srv90559.seohost.com.pl\/testnauka\/?page_id=128"},"modified":"2026-01-13T22:33:13","modified_gmt":"2026-01-13T21:33:13","slug":"oferta","status":"publish","type":"page","link":"https:\/\/srv90559.seohost.com.pl\/testnauka\/oferta\/","title":{"rendered":"Oferta"},"content":{"rendered":"\t\t<div data-elementor-type=\"wp-page\" data-elementor-id=\"128\" class=\"elementor elementor-128\" data-elementor-post-type=\"page\">\n\t\t\t\t<div class=\"elementor-element elementor-element-ee07187 e-flex e-con-boxed e-con e-parent\" data-id=\"ee07187\" data-element_type=\"container\">\n\t\t\t\t\t<div class=\"e-con-inner\">\n\t\t\t\t<div class=\"elementor-element elementor-element-6968d15 elementor-widget elementor-widget-heading\" data-id=\"6968d15\" data-element_type=\"widget\" data-widget_type=\"heading.default\">\n\t\t\t\t\t<h1 class=\"elementor-heading-title elementor-size-default\">Oferta transportu szyb i cz\u0119\u015bci samochodowych<\/h1>\t\t\t\t<\/div>\n\t\t\t\t<div class=\"elementor-element elementor-element-4389db8 elementor-widget elementor-widget-text-editor\" data-id=\"4389db8\" data-element_type=\"widget\" data-widget_type=\"text-editor.default\">\n\t\t\t\t\t\t\t\t\t<p>Oferujemy specjalistyczny transport szyb oraz cz\u0119\u015bci samochodowych \u2013 masek, b\u0142otnik\u00f3w, zderzak\u00f3w, opon i kompletnych k\u00f3\u0142. Ka\u017cdy \u0142adunek jest indywidualnie zabezpieczany, dzi\u0119ki czemu dociera do serwisu lub warsztatu w idealnym stanie. Realizujemy zlecenia jednorazowe i sta\u0142\u0105 obs\u0142ug\u0119 firm na terenie <b>ca\u0142ego kraju.<\/b><\/p>\t\t\t\t\t\t\t\t<\/div>\n\t\t\t\t\t<\/div>\n\t\t\t\t<\/div>\n\t\t<div class=\"elementor-element elementor-element-3fc57ed4 e-flex e-con-boxed e-con e-parent\" data-id=\"3fc57ed4\" data-element_type=\"container\" data-settings=\"{&quot;background_background&quot;:&quot;classic&quot;}\">\n\t\t\t\t\t<div class=\"e-con-inner\">\n\t\t<div class=\"elementor-element elementor-element-c25f00b e-con-full e-flex e-con e-child\" data-id=\"c25f00b\" data-element_type=\"container\">\n\t\t<div class=\"elementor-element elementor-element-331bf168 e-con-full e-flex e-con e-child\" data-id=\"331bf168\" data-element_type=\"container\" data-settings=\"{&quot;background_background&quot;:&quot;classic&quot;}\">\n\t\t<div class=\"elementor-element elementor-element-34471095 e-con-full e-flex e-con e-child\" data-id=\"34471095\" data-element_type=\"container\" data-settings=\"{&quot;background_background&quot;:&quot;classic&quot;}\">\n\t\t\t\t<\/div>\n\t\t<div class=\"elementor-element elementor-element-1502f3cc e-con-full e-flex e-con e-child\" data-id=\"1502f3cc\" data-element_type=\"container\">\n\t\t\t\t<div class=\"elementor-element elementor-element-54172023 ekit-equal-height-disable elementor-widget elementor-widget-elementskit-icon-box\" data-id=\"54172023\" data-element_type=\"widget\" data-widget_type=\"elementskit-icon-box.default\">\n\t\t\t\t\t<div class=\"ekit-wid-con\" >        <!-- link opening -->\n                <a href=\"#\" class=\"ekit_global_links\">\n                <!-- end link opening -->\n\n        <div class=\"elementskit-infobox text-left text-left icon-top-align elementor-animation-   \">\n                    <div class=\"elementskit-box-header elementor-animation-\">\n                <div class=\"elementskit-info-box-icon  \">\n                    <i aria-hidden=\"true\" class=\"elementkit-infobox-icon  ti-package\"><\/i>\n                <\/div>\n          <\/div>\n                        <div class=\"box-body\">\n                            <h3 class=\"elementskit-info-box-title\">\n                    Transport szyby samochodowej                <\/h3>\n                        \t\t  \t<p>Specjalistyczny transport szyby samochodowej od 150 z\u0142 netto za sztuk\u0119.<\/p>\n                                <\/div>\n        \n        \n                <\/div>\n                <\/a>\n        <\/div>\t\t\t\t<\/div>\n\t\t\t\t<\/div>\n\t\t\t\t<\/div>\n\t\t<div class=\"elementor-element elementor-element-70e0a819 e-con-full e-flex e-con e-child\" data-id=\"70e0a819\" data-element_type=\"container\" data-settings=\"{&quot;background_background&quot;:&quot;classic&quot;}\">\n\t\t<div class=\"elementor-element elementor-element-5fbf0124 e-con-full e-flex e-con e-child\" data-id=\"5fbf0124\" data-element_type=\"container\" data-settings=\"{&quot;background_background&quot;:&quot;classic&quot;}\">\n\t\t\t\t<\/div>\n\t\t<div class=\"elementor-element elementor-element-41c1ec7e e-con-full e-flex e-con e-child\" data-id=\"41c1ec7e\" data-element_type=\"container\">\n\t\t\t\t<div class=\"elementor-element elementor-element-55186baf ekit-equal-height-disable elementor-widget elementor-widget-elementskit-icon-box\" data-id=\"55186baf\" data-element_type=\"widget\" data-widget_type=\"elementskit-icon-box.default\">\n\t\t\t\t\t<div class=\"ekit-wid-con\" >        <!-- link opening -->\n                <a href=\"#\" class=\"ekit_global_links\">\n                <!-- end link opening -->\n\n        <div class=\"elementskit-infobox text-left text-left icon-top-align elementor-animation-   \">\n                    <div class=\"elementskit-box-header elementor-animation-\">\n                <div class=\"elementskit-info-box-icon  \">\n                    <i aria-hidden=\"true\" class=\"elementkit-infobox-icon  ti-package\"><\/i>\n                <\/div>\n          <\/div>\n                        <div class=\"box-body\">\n                            <h3 class=\"elementskit-info-box-title\">\n                    Transport maski                <\/h3>\n                        \t\t  \t<p>Bezpieczny przew\u00f3z maski samochodowej \u2013 od 100 z\u0142 netto za sztuk\u0119.<\/p>\n                                <\/div>\n        \n        \n                <\/div>\n                <\/a>\n        <\/div>\t\t\t\t<\/div>\n\t\t\t\t<\/div>\n\t\t\t\t<\/div>\n\t\t<div class=\"elementor-element elementor-element-121c4d0c e-con-full e-flex e-con e-child\" data-id=\"121c4d0c\" data-element_type=\"container\" data-settings=\"{&quot;background_background&quot;:&quot;classic&quot;}\">\n\t\t<div class=\"elementor-element elementor-element-193578b3 e-con-full e-flex e-con e-child\" data-id=\"193578b3\" data-element_type=\"container\" data-settings=\"{&quot;background_background&quot;:&quot;classic&quot;}\">\n\t\t\t\t<\/div>\n\t\t<div class=\"elementor-element elementor-element-50104537 e-con-full e-flex e-con e-child\" data-id=\"50104537\" data-element_type=\"container\">\n\t\t\t\t<div class=\"elementor-element elementor-element-1868e279 ekit-equal-height-disable elementor-widget elementor-widget-elementskit-icon-box\" data-id=\"1868e279\" data-element_type=\"widget\" data-widget_type=\"elementskit-icon-box.default\">\n\t\t\t\t\t<div class=\"ekit-wid-con\" >        <!-- link opening -->\n                <a href=\"#\" class=\"ekit_global_links\">\n                <!-- end link opening -->\n\n        <div class=\"elementskit-infobox text-left text-left icon-top-align elementor-animation-   \">\n                    <div class=\"elementskit-box-header elementor-animation-\">\n                <div class=\"elementskit-info-box-icon  \">\n                    <i aria-hidden=\"true\" class=\"elementkit-infobox-icon  ti-package\"><\/i>\n                <\/div>\n          <\/div>\n                        <div class=\"box-body\">\n                            <h3 class=\"elementskit-info-box-title\">\n                    Transport b\u0142otnika                <\/h3>\n                        \t\t  \t<p>Transport pojedynczego b\u0142otnika lub kompletu \u2013 od 50 z\u0142 netto za sztuk\u0119.<\/p>\n                                <\/div>\n        \n        \n                <\/div>\n                <\/a>\n        <\/div>\t\t\t\t<\/div>\n\t\t\t\t<\/div>\n\t\t\t\t<\/div>\n\t\t\t\t<\/div>\n\t\t<div class=\"elementor-element elementor-element-4a606710 e-con-full e-flex e-con e-child\" data-id=\"4a606710\" data-element_type=\"container\">\n\t\t<div class=\"elementor-element elementor-element-37acf612 e-con-full e-flex e-con e-child\" data-id=\"37acf612\" data-element_type=\"container\" data-settings=\"{&quot;background_background&quot;:&quot;classic&quot;}\">\n\t\t<div class=\"elementor-element elementor-element-d85c0f4 e-con-full e-flex e-con e-child\" data-id=\"d85c0f4\" data-element_type=\"container\" data-settings=\"{&quot;background_background&quot;:&quot;classic&quot;}\">\n\t\t\t\t<\/div>\n\t\t<div class=\"elementor-element elementor-element-b289ed0 e-con-full e-flex e-con e-child\" data-id=\"b289ed0\" data-element_type=\"container\">\n\t\t\t\t<div class=\"elementor-element elementor-element-88bd4c ekit-equal-height-disable elementor-widget elementor-widget-elementskit-icon-box\" data-id=\"88bd4c\" data-element_type=\"widget\" data-widget_type=\"elementskit-icon-box.default\">\n\t\t\t\t\t<div class=\"ekit-wid-con\" >        <!-- link opening -->\n                <a href=\"#\" class=\"ekit_global_links\">\n                <!-- end link opening -->\n\n        <div class=\"elementskit-infobox text-left text-left icon-top-align elementor-animation-   \">\n                    <div class=\"elementskit-box-header elementor-animation-\">\n                <div class=\"elementskit-info-box-icon  \">\n                    <i aria-hidden=\"true\" class=\"elementkit-infobox-icon  ti-package\"><\/i>\n                <\/div>\n          <\/div>\n                        <div class=\"box-body\">\n                            <h3 class=\"elementskit-info-box-title\">\n                    Transport zderzaka                <\/h3>\n                        \t\t  \t<p>Transport zderzaka samochodowego \u2013 od 100 z\u0142 netto za sztuk\u0119.<\/p>\n                                <\/div>\n        \n        \n                <\/div>\n                <\/a>\n        <\/div>\t\t\t\t<\/div>\n\t\t\t\t<\/div>\n\t\t\t\t<\/div>\n\t\t<div class=\"elementor-element elementor-element-56303993 e-con-full e-flex e-con e-child\" data-id=\"56303993\" data-element_type=\"container\" data-settings=\"{&quot;background_background&quot;:&quot;classic&quot;}\">\n\t\t<div class=\"elementor-element elementor-element-3e4bf92e e-con-full e-flex e-con e-child\" data-id=\"3e4bf92e\" data-element_type=\"container\" data-settings=\"{&quot;background_background&quot;:&quot;classic&quot;}\">\n\t\t\t\t<\/div>\n\t\t<div class=\"elementor-element elementor-element-376dd276 e-con-full e-flex e-con e-child\" data-id=\"376dd276\" data-element_type=\"container\">\n\t\t\t\t<div class=\"elementor-element elementor-element-2c6a8075 ekit-equal-height-disable elementor-widget elementor-widget-elementskit-icon-box\" data-id=\"2c6a8075\" data-element_type=\"widget\" data-widget_type=\"elementskit-icon-box.default\">\n\t\t\t\t\t<div class=\"ekit-wid-con\" >        <!-- link opening -->\n                <a href=\"#\" class=\"ekit_global_links\">\n                <!-- end link opening -->\n\n        <div class=\"elementskit-infobox text-left text-left icon-top-align elementor-animation-   \">\n                    <div class=\"elementskit-box-header elementor-animation-\">\n                <div class=\"elementskit-info-box-icon  \">\n                    <i aria-hidden=\"true\" class=\"elementkit-infobox-icon  ti-package\"><\/i>\n                <\/div>\n          <\/div>\n                        <div class=\"box-body\">\n                            <h3 class=\"elementskit-info-box-title\">\n                    Transport kompletu opon                <\/h3>\n                        \t\t  \t<p>Przew\u00f3z kompletu opon (4 sztuki) \u2013 od 200 z\u0142 netto za komplet.<\/p>\n                                <\/div>\n        \n        \n                <\/div>\n                <\/a>\n        <\/div>\t\t\t\t<\/div>\n\t\t\t\t<\/div>\n\t\t\t\t<\/div>\n\t\t<div class=\"elementor-element elementor-element-5fe7cb7 e-con-full e-flex e-con e-child\" data-id=\"5fe7cb7\" data-element_type=\"container\" data-settings=\"{&quot;background_background&quot;:&quot;classic&quot;}\">\n\t\t<div class=\"elementor-element elementor-element-3a415680 e-con-full e-flex e-con e-child\" data-id=\"3a415680\" data-element_type=\"container\" data-settings=\"{&quot;background_background&quot;:&quot;classic&quot;}\">\n\t\t\t\t<\/div>\n\t\t<div class=\"elementor-element elementor-element-310cfc5e e-con-full e-flex e-con e-child\" data-id=\"310cfc5e\" data-element_type=\"container\">\n\t\t\t\t<div class=\"elementor-element elementor-element-29a8ac8e ekit-equal-height-disable elementor-widget elementor-widget-elementskit-icon-box\" data-id=\"29a8ac8e\" data-element_type=\"widget\" data-widget_type=\"elementskit-icon-box.default\">\n\t\t\t\t\t<div class=\"ekit-wid-con\" >        <!-- link opening -->\n                <a href=\"#\" class=\"ekit_global_links\">\n                <!-- end link opening -->\n\n        <div class=\"elementskit-infobox text-left text-left icon-top-align elementor-animation-   \">\n                    <div class=\"elementskit-box-header elementor-animation-\">\n                <div class=\"elementskit-info-box-icon  \">\n                    <i aria-hidden=\"true\" class=\"elementkit-infobox-icon  ti-package\"><\/i>\n                <\/div>\n          <\/div>\n                        <div class=\"box-body\">\n                            <h3 class=\"elementskit-info-box-title\">\n                    Transport kompletu k\u00f3\u0142                <\/h3>\n                        \t\t  \t<p>Transport kompletu k\u00f3\u0142 (opona z felg\u0105) \u2013 od 200 z\u0142 netto za komplet.<\/p>\n                                <\/div>\n        \n        \n                <\/div>\n                <\/a>\n        <\/div>\t\t\t\t<\/div>\n\t\t\t\t<\/div>\n\t\t\t\t<\/div>\n\t\t\t\t<\/div>\n\t\t\t\t\t<\/div>\n\t\t\t\t<\/div>\n\t\t<div class=\"elementor-element elementor-element-ea2981e e-flex e-con-boxed e-con e-parent\" data-id=\"ea2981e\" data-element_type=\"container\">\n\t\t\t\t\t<div class=\"e-con-inner\">\n\t\t\t\t<div class=\"elementor-element elementor-element-65c0050 elementor-widget elementor-widget-text-editor\" data-id=\"65c0050\" data-element_type=\"widget\" data-widget_type=\"text-editor.default\">\n\t\t\t\t\t\t\t\t\t<p data-start=\"116\" data-end=\"632\">Glass-Trans oferuje specjalistyczny <strong data-start=\"152\" data-end=\"186\">transport cz\u0119\u015bci samochodowych<\/strong> na terenie Polski. Realizujemy przew\u00f3z zderzak\u00f3w, masek, b\u0142otnik\u00f3w, szyb, opon oraz kompletnych k\u00f3\u0142, zapewniaj\u0105c odpowiednie zabezpieczenie \u0142adunku i terminow\u0105 dostaw\u0119 do serwisu lub warsztatu. Nasz przyk\u0142adowy cennik obejmuje: <strong data-start=\"454\" data-end=\"474\">zderzak \u2013 100 z\u0142<\/strong>, <strong data-start=\"476\" data-end=\"494\">maska \u2013 100 z\u0142<\/strong>, <strong data-start=\"496\" data-end=\"515\">b\u0142otnik \u2013 50 z\u0142<\/strong>, <strong data-start=\"517\" data-end=\"547\">szyba samochodowa \u2013 150 z\u0142<\/strong>, <strong data-start=\"549\" data-end=\"583\">komplet opon (4 szt.) \u2013 200 z\u0142<\/strong> oraz <strong data-start=\"589\" data-end=\"629\">komplet k\u00f3\u0142 (opona z felg\u0105) \u2013 200 z\u0142<\/strong>.<\/p><p data-start=\"639\" data-end=\"1091\">Ka\u017cdy element karoserii jest indywidualnie zabezpieczany \u2013 stosujemy pianki, przek\u0142adki i pasy mocuj\u0105ce, dzi\u0119ki czemu maski, zderzaki czy b\u0142otniki nie ulegaj\u0105 porysowaniu ani odkszta\u0142ceniu w czasie transportu. W przypadku szyb samochodowych korzystamy ze specjalnych stojak\u00f3w, kt\u00f3re minimalizuj\u0105 ryzyko p\u0119kni\u0119cia tafli szk\u0142a podczas za\u0142adunku i jazdy. Opony i ko\u0142a przewozimy w stabilnych zestawach, co u\u0142atwia szybki roz\u0142adunek po stronie warsztatu.<\/p><p data-start=\"1098\" data-end=\"1552\" data-is-last-node=\"\">Podane kwoty s\u0105 <strong data-start=\"1114\" data-end=\"1139\">cenami orientacyjnymi<\/strong> i mog\u0105 si\u0119 r\u00f3\u017cni\u0107 w zale\u017cno\u015bci od odleg\u0142o\u015bci, liczby przewo\u017conych cz\u0119\u015bci oraz cz\u0119stotliwo\u015bci zlece\u0144. Przy sta\u0142ej wsp\u00f3\u0142pracy z serwisami, warsztatami i firmami z flot\u0105 przygotowujemy <strong data-start=\"1322\" data-end=\"1353\">indywidualne warunki cenowe<\/strong>. Je\u015bli chcesz pozna\u0107 dok\u0142adny koszt transportu cz\u0119\u015bci samochodowych na konkretnej trasie, skontaktuj si\u0119 z nami \u2013 przygotujemy dopasowan\u0105 wycen\u0119 i zaproponujemy najbli\u017cszy mo\u017cliwy termin realizacji.<\/p>\t\t\t\t\t\t\t\t<\/div>\n\t\t\t\t\t<\/div>\n\t\t\t\t<\/div>\n\t\t<div class=\"elementor-element elementor-element-def852e e-flex e-con-boxed e-con e-parent\" data-id=\"def852e\" data-element_type=\"container\">\n\t\t\t\t\t<div class=\"e-con-inner\">\n\t\t\t\t<div class=\"elementor-element elementor-element-9244e8b elementor-cta--skin-classic elementor-animated-content elementor-bg-transform elementor-bg-transform-zoom-in elementor-widget elementor-widget-call-to-action\" data-id=\"9244e8b\" data-element_type=\"widget\" data-widget_type=\"call-to-action.default\">\n\t\t\t\t\t\t\t<div class=\"elementor-cta\">\n\t\t\t\t\t<div class=\"elementor-cta__bg-wrapper\">\n\t\t\t\t<div class=\"elementor-cta__bg elementor-bg\" style=\"background-image: url(https:\/\/srv90559.seohost.com.pl\/testnauka\/wp-content\/uploads\/2025\/11\/AdobeStock_324077968-1024x411.jpeg);\" role=\"img\" aria-label=\"Lots of Trucks and cars on a Highway - transportation concept\"><\/div>\n\t\t\t\t<div class=\"elementor-cta__bg-overlay\"><\/div>\n\t\t\t<\/div>\n\t\t\t\t\t\t\t<div class=\"elementor-cta__content\">\n\t\t\t\t\n\t\t\t\t\t\t\t\t\t<h2 class=\"elementor-cta__title elementor-cta__content-item elementor-content-item\">\n\t\t\t\t\t\tPotrzebujesz bezpiecznego transportu cz\u0119\u015bci lub szyb?\t\t\t\t\t<\/h2>\n\t\t\t\t\n\t\t\t\t\t\t\t\t\t<div class=\"elementor-cta__description elementor-cta__content-item elementor-content-item\">\n\t\t\t\t\t\tOpisz, co mamy przewie\u017a\u0107 i dok\u0105d \u2013 przygotujemy wycen\u0119 i zaproponujemy najszybszy mo\u017cliwy termin.\t\t\t\t\t<\/div>\n\t\t\t\t\n\t\t\t\t\t\t\t\t\t<div class=\"elementor-cta__button-wrapper elementor-cta__content-item elementor-content-item \">\n\t\t\t\t\t<a class=\"elementor-cta__button elementor-button elementor-size-\" href=\"https:\/\/srv90559.seohost.com.pl\/testnauka\/kontakt\/\">\n\t\t\t\t\t\tPopro\u015b o wycen\u0119 transportu\t\t\t\t\t<\/a>\n\t\t\t\t\t<\/div>\n\t\t\t\t\t\t\t<\/div>\n\t\t\t\t\t\t<\/div>\n\t\t\t\t\t\t<\/div>\n\t\t\t\t\t<\/div>\n\t\t\t\t<\/div>\n\t\t\t\t<\/div>\n\t\t","protected":false},"excerpt":{"rendered":"<p>Oferta transportu szyb i cz\u0119\u015bci samochodowych Oferujemy specjalistyczny transport szyb oraz cz\u0119\u015bci samochodowych \u2013 masek, b\u0142otnik\u00f3w, zderzak\u00f3w, opon i kompletnych k\u00f3\u0142. Ka\u017cdy \u0142adunek jest indywidualnie zabezpieczany, dzi\u0119ki czemu dociera do serwisu lub warsztatu w idealnym stanie. Realizujemy zlecenia jednorazowe i sta\u0142\u0105 obs\u0142ug\u0119 firm na terenie ca\u0142ego kraju. Transport szyby samochodowej Specjalistyczny transport szyby samochodowej od [&hellip;]<\/p>\n","protected":false},"author":1,"featured_media":0,"parent":0,"menu_order":0,"comment_status":"closed","ping_status":"closed","template":"elementor_header_footer","meta":{"footnotes":""},"class_list":["post-128","page","type-page","status-publish","hentry"],"_links":{"self":[{"href":"https:\/\/srv90559.seohost.com.pl\/testnauka\/wp-json\/wp\/v2\/pages\/128","targetHints":{"allow":["GET"]}}],"collection":[{"href":"https:\/\/srv90559.seohost.com.pl\/testnauka\/wp-json\/wp\/v2\/pages"}],"about":[{"href":"https:\/\/srv90559.seohost.com.pl\/testnauka\/wp-json\/wp\/v2\/types\/page"}],"author":[{"embeddable":true,"href":"https:\/\/srv90559.seohost.com.pl\/testnauka\/wp-json\/wp\/v2\/users\/1"}],"replies":[{"embeddable":true,"href":"https:\/\/srv90559.seohost.com.pl\/testnauka\/wp-json\/wp\/v2\/comments?post=128"}],"version-history":[{"count":19,"href":"https:\/\/srv90559.seohost.com.pl\/testnauka\/wp-json\/wp\/v2\/pages\/128\/revisions"}],"predecessor-version":[{"id":325,"href":"https:\/\/srv90559.seohost.com.pl\/testnauka\/wp-json\/wp\/v2\/pages\/128\/revisions\/325"}],"wp:attachment":[{"href":"https:\/\/srv90559.seohost.com.pl\/testnauka\/wp-json\/wp\/v2\/media?parent=128"}],"curies":[{"name":"wp","href":"https:\/\/api.w.org\/{rel}","templated":true}]}}